rue
Is (-36)/(-126) - (-5 - (-606072)/(-7)) a prime number?
True
Suppose -53*n = 5*g - 57*n - 462759, 0 = 5*g - n - 462756. Is g a composite number?
False
Suppose -5*w + 15*s + 6771037 = 14*s, 4*w - 5416834 = 3*s. Is w a prime number?
True
Is (-9 + 2 + 3)/(8/(-118268)) prime?
False
Suppose 173*u - 236078169 - 61674187 + 66303095 = 0. Is u a prime number?
False
Let v(d) = -669*d - 199. Let h(i) = 2*i**2 - 21*i + 37. Let r be h(7). Is v(r) a prime number?
True
Let a = 12971 + 5186. Is a a prime number?
False
Let f be (2 - -3) + -6 + 1. Suppose f = 15*p - 26403 - 17682. Is p prime?
True
Suppose 4*n - k = 621986, -110173 = -2*n + k + 200819. Is n a prime number?
False
Suppose 2*i - 5*k + 17 = -4, -4*i + 3*k = 7. Suppose 3*l = -9*a + 8*a + 3125, a = i*l + 3115. Is a composite?
False
Let b(i) = 4429*i - 128. Is b(9) a composite number?
False
Let w = 450 + -288. Let x(u) = 3*u**2 + 121*u + 130. Let v be x(-42). Let n = v - w. Is n a composite number?
True
Let b(t) = -5*t**2 + 9*t + 17. Let h(m) = -3*m**2 + 5*m + 9. Let k be (-1)/(-3 + (-64)/(-20)). Let a(d) = k*h(d) + 2*b(d). Is a(-6) a prime number?
True
Let w = 151521 - 90076. Is w a prime number?
False
Let n = 77164 + 50707. Is n prime?
False
Let i = -15 + 24. Let z be 23/(-207) + 28/i. Is (-3)/(z - -3)*-5862 a prime number?
False
Let q(d) = -4*d**2 + 107*d + 8. Let t be q(27). Let b(s) = -1940*s + 329. Is b(t) a composite number?
False
Suppose -4*h + 4*y = 10156, y - 6331 = 5*h + 6344. Let f = -769 - h. Is f a composite number?
True
Let m be (-4)/40*5*(1 + -37). Is (-20)/(-15) + (-2)/(m/(-36969)) a prime number?
False
Let m(y) = 4*y + 3 + y + 7*y - 6*y + 7012*y**2. Is m(-1) a prime number?
False
Let u(d) = 423*d**2 - 95*d + 75. Is u(-26) composite?
False
Let i(c) be the third derivative of 31/24*c**4 + 0 + 0*c - 18*c**2 - 17/6*c**3 - 1/60*c**5. Is i(19) composite?
False
Suppose -117787 = -25*r + 13*r + 466985. Is r composite?
False
Suppose 5*f = -4*z + 5, 12 = -2*f - 2*f. Suppose -22318 = -2*s + 2*y, z*y = y. Is s a prime number?
True
Let z(n) be the first derivative of -2*n**2 + n + 32. Let i be z(2). Is (597/2)/(i/(-14)) a prime number?
False
Is (-1)/(3 - (59426919/5942691 + -7)) a composite number?
False
Suppose 0 = x + 5*j - 91538, 5*x + 60*j = 61*j + 457560. Is x composite?
False
Let l be (28/(-10) - 0)/((-194)/485). Suppose -1235 = -l*k + 8726. Is k a prime number?
True
Suppose 0 = 2*r - 10, -5*l - 15*r + 14145 = -19*r. Is l prime?
True
Let r(g) = 1024*g - 75. Let d(b) = 7*b + 49. Let u be d(-6). Is r(u) a prime number?
False
Let a(v) = 15 + 88*v + 226*v + 372*v. Is a(2) prime?
False
Let y(h) = 56*h + 27. Let z = 44 - 56. Let p be 1 + z/(-5 - -2). Is y(p) prime?
True
Suppose 79 = 5*g + 14. Suppose -6*v - 95*v + 808 = 0. Suppose -v*r = -g*r + 395. Is r composite?
False
Let k = -29637 + 409078. Is k composite?
False
Suppose 22*n = 944357 + 502341. Is n prime?
False
Let y = -2592525 - -4269274. Is y prime?
True
Is 4/(20/(-15)) - -720222*(-5 - -6) prime?
False
Suppose -14*u + 44 = -18*u. Let m(z) be the third derivative of z**5/20 - z**4/2 - 8*z**3/3 - z**2. Is m(u) composite?
False
Let g(k) = -k**3 + 11*k**2 - 2*k + 26. Let q be g(11). Let u be (-5)/(-5) + (-1 + 0)*q. Let y(v) = -293*v + 10. Is y(u) a prime number?
False
Let w(o) = -6555*o + 1903. Is w(-9) composite?
True
Let v = -12389 + 28939. Suppose 2*w - v = -3*j, -3*j - 3*w + 4*w = -16556. Suppose 3*m + j = 5*m + 4*l, 0 = -4*l. Is m a composite number?
True
Suppose -390 = -3*d + 7*g, -7*d - 5*g + 108 = -6*d. Suppose -5*k = -3*q - 189, 3*q + 159 = 4*k - 2*q. Suppose -d = -3*s + k. Is s a composite number?
False
Let s(k) = k + 1. Let v(o) = -24. Let h(u) = 3*s(u) + v(u). Let b be h(9). Suppose 212 = -4*q + b*q. Is q a prime number?
False
Let u = -3 - -5. Suppose 3*l - 4*p = 94, -23 = -l - 4*p + 35. Suppose 4*n + 102 - 26 = 4*o, u*o = n + l. Is o prime?
True
Suppose 2*v + 4*g - 275262 = 0, -3*v - 9*g + 412853 = -13*g. Is v prime?
True
Let p = -7422 - -11224. Is p a composite number?
True
Let j = 463488 + -114047. Is j a composite number?
True
Is (-2442)/(-2849) - (-3)/((-21)/(-4744559)) composite?
True
Let w = -1 + 3. Suppose -40*l - 31229 + 89549 = 0. Suppose 0*m - 2*m - 5*v = -l, w*m + 4*v = 1462. Is m a composite number?
False
Suppose 17*c = 4*c + 5*c. Suppose -5*p + 4614 - 469 = c. Is p a composite number?
False
Suppose 0 = -43*i - 22483 + 58553 + 89963. Is i composite?
True
Let k(y) = 16*y + 68. Let n be k(-4). Is (10/15)/(8/14484) - n prime?
False
Suppose 13*r - 677 = 129. Suppose -68*g + r*g + 32226 = 0. Is g composite?
True
Let f(w) = -4*w - 1. Let z(s) = 9*s + 3. Let o(y) = -5*f(y) - 2*z(y). Let u = -95 + 99. Is o(u) a composite number?
False
Suppose 3*f = -69*i + 72*i + 302406, i - 5 = 0. Is f composite?
True
Let t = 87458 - 49491. Is t prime?
True
Suppose 761*u = -2*t + 757*u + 2662022, t - 5*u = 1331074. Is t a composite number?
True
Suppose 2*n - 6*n - 5*c + 25804 = 0, -5*c + 6451 = n. Suppose 10753 = 5*p + 3*y, 2*p - 5*p = 2*y - n. Is p a prime number?
True
Let s be 0*(-1)/(-1) - (21 - 26). Is 3289 - ((s - 11) + 0) a prime number?
False
Let p = 291 - 231. Suppose 57*k = p*k - 2091. Is k a composite number?
True
Suppose j + 5*j - 24 = 0. Suppose 2*f = -c + 24, 0*c + c = 2*f + j. Let l = 53 + c. Is l prime?
True
Let v(a) = -23*a**2 - 792*a - 24. Let o be v(-34). Suppose -3*q + 0*q = 2*j - 1387, 0 = 3*q - j - 1390. Let p = q + o. Is p a composite number?
True
Let h(z) be the first derivative of -481*z**4/2 + z**3/3 - z**2 - 6. Let w be h(2). Is (-1)/(3 - w/(-2564)) a composite number?
False
Let s = 90 - 66. Suppose s*n + 5847 = 27*n. Let f = n + -1248. Is f a prime number?
True
Let o be (2013/22)/((-3)/(-18)). Let h = o - -500. Is h prime?
True
Let u = 9042 + 32449. Is u prime?
True
Let a(c) = -205*c**3 - 2*c**2 + 4*c + 10. Let f be 2/((-10)/15)*1. Is a(f) a prime number?
False
Let o(n) = -72*n - 15. Suppose 3*g - 4*j + 2 = 0, 16 + 0 = g + 2*j. Suppose -5*z - g = 24. Is o(z) a composite number?
True
Let a(l) = -7*l - 75. Let b be a(-11). Suppose -4*o + 3*n = -73061, 4*o - 18257 = 3*o - b*n. Is o prime?
False
Let n(c) = c**3 + 34*c**2 - c - 31. Let p be n(-34). Is 2/(-6) - (-8368)/p composite?
False
Suppose 27*z = 37*z. Suppose z = 7*k - 21*k + 40586. Is k prime?
False
Suppose 2*l - 17*l = 21*l - 364644. Is l composite?
True
Suppose -256539 = -51*p + 814716. Suppose 32*a = 31*a + h + 6995, -p = -3*a - 2*h. Is a composite?
True
Suppose 519690 + 409007 = 77*l. Is l composite?
True
Is 545969 + (-8*2 - (-21 - -12)) composite?
True
Let j(s) = 12722*s**2 + 85*s + 571. Is j(-6) prime?
True
Suppose 5*i = -10, 0*i + 5*i + 10 = y. Suppose y = -4*g + 131 + 53. Let w = g - -31. Is w prime?
False
Suppose 9 = -3*t, -5*r - 180*t + 409196 = -177*t. Is r prime?
False
Let j(s) = -s**3 - 8*s**2 - 8*s + 12. Let v be j(-7). Let q = v + -15. Suppose -2*x - 2*x + 1028 = -l, 1028 = q*x + 5*l. Is x a composite number?
False
Let p = -359288 + 601345. Is p prime?
True
Suppose -3*y + 32 = 17, 4*t - 727085 = -5*y. Is t composite?
True
Let q(u) = 3*u**2 + 10*u + 32. Suppose -18 = -10*s + s. Suppose 5*w + 6 = d - 6, -3*w - s = -d. Is q(d) prime?
True
Let b be ((0 - -3) + -5)*1045/(-2). Suppose 4*g - b = -249. Is g composite?
False
Is -967236*(7 - 609/84) a prime number?
False
Let o be (-10)/(-40) + 30847/4. Suppose 2*g - 4*c + 5*c - 3859 = 0, 4*c = -4*g + o. Is g a prime number?
True
Is ((-1069390)/(-14) - -8)*(1 + (-2 - -2)) prime?
False
Let j(b) = -46*b + 8. Let n be j(-5). Suppose -7*c - n = -0*c. Let g = c - -120. Is g a prime number?
False
Let i(b) = 131*b + 44. Let q be i(24). Let r = q - -761. Is r composite?
True
Let w = -374 - -78. Suppose 3*c - 3*b = 2*c + 71, 2*c + b = 135. Is (-6)/10 - w/80*c composite?
False
Suppose -5*a + 47718 = l - 9160, 5*a = 4*l + 56863. Let c = a + -5938. Is c a prime number?
True
Let w(c) = c**3 - 17*c**2 + 2*c - 15. Let m be w(17). Suppose -3*g - m = -4*q, -3*g + 5*g = -10. Is (q/(-2))/((-7)/(4 - -2194)) a prime number?
True
Let q(g) = 15*g - 35. Let x be q(-10). Let w = 294 + x. Is w prime?
True
Let p(v) = -81*v**3 - 18*v**2 - 86*v + 11. Is p(-10) composite?
False
Suppose 0 = 4*w - 4*a + 8, 92*w - 91*w + 2*a - 4 = 0. Suppose -h + 766 + 379 = w. Is h prime?
False
Suppose 0*d = -2*h - 3*d + 60993, -3*h + 91491 = 5*d. Le